{"id":20,"date":"2015-01-09T17:31:55","date_gmt":"2015-01-09T17:31:55","guid":{"rendered":"http:\/\/mo-fontaine.de\/?page_id=20"},"modified":"2023-01-29T09:45:03","modified_gmt":"2023-01-29T09:45:03","slug":"collagen","status":"publish","type":"page","link":"https:\/\/mo-fontaine.de\/?page_id=20","title":{"rendered":"Collagen"},"content":{"rendered":"<p><a href=\"https:\/\/mo-fontaine.de\/wp-content\/uploads\/2023\/01\/Broceliande.jpg\"><img loading=\"lazy\" decoding=\"async\" class=\"alignleft size-medium wp-image-708\" src=\"https:\/\/mo-fontaine.de\/wp-content\/uploads\/2023\/01\/Broceliande-300x300.jpg\" alt=\"\" width=\"300\" height=\"300\" srcset=\"https:\/\/mo-fontaine.de\/wp-content\/uploads\/2023\/01\/Broceliande-300x300.jpg 300w, https:\/\/mo-fontaine.de\/wp-content\/uploads\/2023\/01\/Broceliande-1024x1021.jpg 1024w, https:\/\/mo-fontaine.de\/wp-content\/uploads\/2023\/01\/Broceliande-150x150.jpg 150w, https:\/\/mo-fontaine.de\/wp-content\/uploads\/2023\/01\/Broceliande-768x766.jpg 768w, https:\/\/mo-fontaine.de\/wp-content\/uploads\/2023\/01\/Broceliande-1170x1167.jpg 1170w, https:\/\/mo-fontaine.de\/wp-content\/uploads\/2023\/01\/Broceliande.jpg 1200w\" sizes=\"auto, (max-width: 300px) 100vw, 300px\" \/><\/a>Als K\u00fcnstler ist man ja geneigt, manchmal auf der Basis wild wuchernder <strong>Assoziationsketten<\/strong> zu arbeiten &#8211; wie im Beispiel in der Collage &#8222;<strong>Le tombeau de Merlin<\/strong>&#8222;:<br \/>\nVor geraumer Zeit hatte ich w\u00e4hrend einer Reise in die Bretagne das Grab des Zauberers Merlin im sagenumwobenen Wald von <strong>Broceliande<\/strong> aufgesucht. Ich erinnere mich an eine schlichte, h\u00f6lzerne Hinweistafel am Rande eines Waldst\u00fccks, einen Spaziergang auf einem schmalen Trampelpfad zu einem kleinen Hain. Dort befand sie sich also, die vom Reisef\u00fchrer als Attraktion gepriesene Ruhest\u00e4tte der mythischen Gestalt. Es handelte sich, frei von jeglichem Pomp und Pathos, um ein Stelle aus dunklem Humusboden, die mit verschieden gro\u00dfen Bl\u00e4ttern bedeckt war. Wahrscheinlich befand sich an diesem Kraftort, auf welchem sicherlich vor Urzeiten Rituale abgehalten worden waren, als Markierung auch noch ein aufgerichteter Stein, an den ich mich leider nur nebul\u00f6s erinnere.<br \/>\nIn meiner Collage habe ich diesen eher unspektakul\u00e4ren Ort auf einer 80 x 80 cm gro\u00dfen, dunklen Leinwand nachinszeniert &#8211; und dann versucht, die von mir definierte &#8222;Ruhest\u00e4tte&#8220; mit Hilfe silberner und goldener Buchenbl\u00e4tter, die ich zuvor auf Metallfolie gezeichnet und ausgestanzt hatte, magisch aufgeladen.<br \/>\nMancher Betrachter wird sich vielleicht auch an die herrlichen Schmuckbeigaben in keltischen und\/oder etruskischen Gr\u00e4bern erinnert f\u00fchlen.<\/p>\n","protected":false},"excerpt":{"rendered":"<p>Als K\u00fcnstler ist man ja geneigt, manchmal auf der Basis wild wuchernder Assoziationsketten zu arbeiten &#8211; wie im Beispiel in der Collage &#8222;Le tombeau de Merlin&#8222;: Vor geraumer Zeit hatte ich w\u00e4hrend einer Reise in die Bretagne das Grab des&#8230;<br \/><a class=\"read-more-button\" href=\"https:\/\/mo-fontaine.de\/?page_id=20\">Read more<\/a><\/p>\n","protected":false},"author":1,"featured_media":0,"parent":0,"menu_order":0,"comment_status":"closed","ping_status":"closed","template":"","meta":{"footnotes":""},"class_list":["post-20","page","type-page","status-publish","hentry"],"_links":{"self":[{"href":"https:\/\/mo-fontaine.de\/index.php?rest_route=\/wp\/v2\/pages\/20","targetHints":{"allow":["GET"]}}],"collection":[{"href":"https:\/\/mo-fontaine.de\/index.php?rest_route=\/wp\/v2\/pages"}],"about":[{"href":"https:\/\/mo-fontaine.de\/index.php?rest_route=\/wp\/v2\/types\/page"}],"author":[{"embeddable":true,"href":"https:\/\/mo-fontaine.de\/index.php?rest_route=\/wp\/v2\/users\/1"}],"replies":[{"embeddable":true,"href":"https:\/\/mo-fontaine.de\/index.php?rest_route=%2Fwp%2Fv2%2Fcomments&post=20"}],"version-history":[{"count":8,"href":"https:\/\/mo-fontaine.de\/index.php?rest_route=\/wp\/v2\/pages\/20\/revisions"}],"predecessor-version":[{"id":743,"href":"https:\/\/mo-fontaine.de\/index.php?rest_route=\/wp\/v2\/pages\/20\/revisions\/743"}],"wp:attachment":[{"href":"https:\/\/mo-fontaine.de\/index.php?rest_route=%2Fwp%2Fv2%2Fmedia&parent=20"}],"curies":[{"name":"wp","href":"https:\/\/api.w.org\/{rel}","templated":true}]}}