{"id":331,"date":"2015-02-06T07:39:58","date_gmt":"2015-02-06T07:39:58","guid":{"rendered":"http:\/\/mo-fontaine.de\/?page_id=331"},"modified":"2015-02-09T07:35:30","modified_gmt":"2015-02-09T07:35:30","slug":"fotografie","status":"publish","type":"page","link":"https:\/\/mo-fontaine.de\/?page_id=331","title":{"rendered":"Fotografie"},"content":{"rendered":"<p>Bei den auf der Website zu sehenden Fotos handelt es sich noch um Fossile aus der Zeit der <strong>analogen Fotografie<\/strong>. Als ich in den achtziger Jahren Studentin war, schenke mir mein Vater eine Spiegelreflex-Kamera der Firma Nikon. Das Badezimmer meiner ersten eigenen Wohnung war gleichzeitig auch meine Dunkelkammer. Auf der Waschmaschine stand ein Durst-Vergr\u00f6\u00dferer, mit dem ich &#8211; wie die Pioniere einer l\u00e4ngst vergangenen Zeit &#8211; meine Negative selbst entwickelte und vergr\u00f6\u00dferte. Ich erinnere mich an all die magischen Momente, wenn sich die Motive in der Entwickler-Chemikalie in die sichtbare Welt dr\u00e4ngten.<br \/>\nIn der k\u00fcnstlerischen Fotografie geht es nicht um das reine Abbilden (Mimesis), sondern &#8211; wie auch in der Malerei &#8211; um das Herstellen von \u00c4quivalenten, die die Gedankenwelt und Fantasie des Betrachters anregen sollen. In meiner Fotografie mit den Styropor-\u201cW\u00fcrsten\u201c beispielsweise hat man die Assoziation von etwas Essbarem (angenagte W\u00fcrste); die Metallklammern im gleichen Bild wirken als \u00c4quivalente von Fliegen, die die stinkenden W\u00fcrste umkreisen.<br \/>\nDas Fotografieren macht es dem K\u00fcnstler nat\u00fcrlich leicht: Ein Knopfdruck gen\u00fcgt \u2013 und schon ist das Bild fertig. Manche Kollegen bezeichnen Fotos als unausgereifte Bilder, die erst in der Transformation zur Malerei zu ihrer Bestimmung finden. Sie glauben, dass ein gemaltes Bild mehr Aufmerksamkeit erzeugt, eine dichtere \u201e<strong>Aura<\/strong>\u201c bes\u00e4\u00dfe. Aber ich pers\u00f6nlich denke, dass auch ein gutes Foto die Potenz eines Kunstwerks besitzt und ebenso viel Aufmerksamkeit erzeugen kann wie eine Malerei \u2013 und auch als Erinnerungsbild im virtuellen Speicher des Betrachters lange haften bleibt.<\/p>\n<p>[Best_Wordpress_Gallery id=&#8220;28&#8243; gal_title=&#8220;Fotografie&#8220;]<\/p>\n","protected":false},"excerpt":{"rendered":"<p>Bei den auf der Website zu sehenden Fotos handelt es sich noch um Fossile aus der Zeit der analogen Fotografie. Als ich in den achtziger Jahren Studentin war, schenke mir mein Vater eine Spiegelreflex-Kamera der Firma Nikon. Das Badezimmer meiner&#8230;<br \/><a class=\"read-more-button\" href=\"https:\/\/mo-fontaine.de\/?page_id=331\">Read more<\/a><\/p>\n","protected":false},"author":2,"featured_media":0,"parent":0,"menu_order":0,"comment_status":"closed","ping_status":"open","template":"","meta":{"footnotes":""},"class_list":["post-331","page","type-page","status-publish","hentry"],"_links":{"self":[{"href":"https:\/\/mo-fontaine.de\/index.php?rest_route=\/wp\/v2\/pages\/331","targetHints":{"allow":["GET"]}}],"collection":[{"href":"https:\/\/mo-fontaine.de\/index.php?rest_route=\/wp\/v2\/pages"}],"about":[{"href":"https:\/\/mo-fontaine.de\/index.php?rest_route=\/wp\/v2\/types\/page"}],"author":[{"embeddable":true,"href":"https:\/\/mo-fontaine.de\/index.php?rest_route=\/wp\/v2\/users\/2"}],"replies":[{"embeddable":true,"href":"https:\/\/mo-fontaine.de\/index.php?rest_route=%2Fwp%2Fv2%2Fcomments&post=331"}],"version-history":[{"count":6,"href":"https:\/\/mo-fontaine.de\/index.php?rest_route=\/wp\/v2\/pages\/331\/revisions"}],"predecessor-version":[{"id":341,"href":"https:\/\/mo-fontaine.de\/index.php?rest_route=\/wp\/v2\/pages\/331\/revisions\/341"}],"wp:attachment":[{"href":"https:\/\/mo-fontaine.de\/index.php?rest_route=%2Fwp%2Fv2%2Fmedia&parent=331"}],"curies":[{"name":"wp","href":"https:\/\/api.w.org\/{rel}","templated":true}]}}