{"id":353,"date":"2015-04-11T10:11:49","date_gmt":"2015-04-11T10:11:49","guid":{"rendered":"http:\/\/mo-fontaine.de\/?page_id=353"},"modified":"2016-01-12T15:30:15","modified_gmt":"2016-01-12T15:30:15","slug":"markus-waldura","status":"publish","type":"page","link":"https:\/\/mo-fontaine.de\/?page_id=353","title":{"rendered":"Markus Waldura"},"content":{"rendered":"<h4><strong>Markus Waldura<\/strong><\/h4>\n<p><a href=\"https:\/\/mo-fontaine.de\/wp-content\/uploads\/2015\/04\/Waldura.jpg\"><img loading=\"lazy\" decoding=\"async\" class=\"alignright size-medium wp-image-356\" src=\"https:\/\/mo-fontaine.de\/wp-content\/uploads\/2015\/04\/Waldura-225x300.jpg\" alt=\"Waldura\" width=\"225\" height=\"300\" srcset=\"https:\/\/mo-fontaine.de\/wp-content\/uploads\/2015\/04\/Waldura-225x300.jpg 225w, https:\/\/mo-fontaine.de\/wp-content\/uploads\/2015\/04\/Waldura.jpg 531w\" sizes=\"auto, (max-width: 225px) 100vw, 225px\" \/><\/a>Markus Waldura wurde 1957 in Quierschied\/Saar geboren. Schon als Kind und w\u00e4hrend der Schulzeit in Sulzbach literarisch produktiv, begann er w\u00e4hrend seines Studiums der Germanistik und Musikwissenschaft an der Universit\u00e4t des Saarlandes mit der Zeitschriftenpublikation von Gedichten. 1996 ver\u00f6ffentlichte er bei der Alfelder B\u00fccher Compagnie unter dem Titel \u201eGegen den Schlaf in den T\u00e4lern\u201c eine Mappe mit 22 lyrischen Texten. 1991 und erneut 2001 war er Gast in der Sendung \u201eLiteratur im Gespr\u00e4ch\u201c auf SR 2 Kulturradio.<br \/>\nSeit einigen Jahren hat Waldura seine Publikationst\u00e4tigkeit intensiviert. Gedichte erschienen \u2013 und erscheinen &#8211; in Lyrikzeitschriften des deutschsprachigen In- und Auslandes sowie in Anthologien. 2006 kam er bei der Ausschreibung des Lyrikpreises der Salzburger Zeitschrift Erostepost in die engere Wahl. 2009 erschien beim Thaleia-Verlag in St. Ingbert sein erster Gedichtband \u201eLandschaft offene Hand\u201c, 2013 bei rectoverso sein zweiter Gedichtband \u201e\u00dcberrascht von pl\u00f6tzlichem Himmel\u201c.<br \/>\nWaldura arbeitet derzeit als Lehrer f\u00fcr Musikerziehung, Deutsch und Kommunikation an einer sozialp\u00e4dagogischen Fachschule im pf\u00e4lzischen Landstuhl. Au\u00dferdem h\u00e4lt er als Privatdozent f\u00fcr Musikwissenschaft Lehrveranstaltungen an der Universit\u00e4t des Saarlandes.<\/p>\n<h5><strong>Verdammnis 7.14 Uhr<\/strong><\/h5>\n<p>Pl\u00f6tzlich ist sie \u00fcber den<br \/>\nBahnsteig gekommen, diese<br \/>\nungewohnt schmale Nacht zwischen<br \/>\nzwei Morgen, und macht<br \/>\ndie Pendler wieder zu Leibern<br \/>\nin Finsternis weitab von den<br \/>\nGuten im Licht. Doch in der<br \/>\nHand h\u00e4ltst du deine<br \/>\nFahrkarte nach Frankfurt<br \/>\nund wei\u00dft: Dieses Gericht<br \/>\nist nur eine Laune des Wetters<br \/>\nim Stil von Hans Memling,<br \/>\nund alle werden p\u00fcnktlich<br \/>\neintreffen im k\u00fchlen Grau,<br \/>\ndas von Westen her einbricht,<br \/>\nals k\u00e4me erst jetzt der Werktag<br \/>\nherauf mit seinen D\u00e4mpfen<br \/>\nund seinen am Himmel<br \/>\nverschiebbaren Sprinkleranlagen.<\/p>\n<p>Ver\u00f6ffentlicht in:<\/p>\n<p><a href=\"https:\/\/mo-fontaine.de\/wp-content\/uploads\/2015\/04\/waldura_himmel_350px.jpg\"><img loading=\"lazy\" decoding=\"async\" class=\"alignleft size-medium wp-image-357\" src=\"https:\/\/mo-fontaine.de\/wp-content\/uploads\/2015\/04\/waldura_himmel_350px-211x300.jpg\" alt=\"waldura_himmel_350px\" width=\"211\" height=\"300\" srcset=\"https:\/\/mo-fontaine.de\/wp-content\/uploads\/2015\/04\/waldura_himmel_350px-211x300.jpg 211w, https:\/\/mo-fontaine.de\/wp-content\/uploads\/2015\/04\/waldura_himmel_350px.jpg 218w\" sizes=\"auto, (max-width: 211px) 100vw, 211px\" \/><\/a><a title=\"Markus Waldura bei Rectoverso\" href=\"http:\/\/www.rectoverso-buch.de\/index.php\/rectoverso\/titel\/markus-waldura-ueberrascht-von-ploetzlichem-himmel\" target=\"_blank\">Markus Waldura: \u00dcberrascht von pl\u00f6tzlichem Himmel; Rectoverso-Verlag 2013; ISBN 978-3-944527-04-8<\/a><\/p>\n<p><a title=\"Rectoverso-Verlag\" href=\"http:\/\/www.rectoverso-buch.de\/index.php\" target=\"_blank\">Rectoverso-Verlag<\/a><\/p>\n<p>&nbsp;<\/p>\n<p>&nbsp;<\/p>\n<p>&nbsp;<\/p>\n<p>&nbsp;<\/p>\n<p>&nbsp;<\/p>\n<h5>N\u00e4chtlicher Schneefall<\/h5>\n<p>Schattenhaftes, wirbelndes Streuen<br \/>\nvors Licht.<br \/>\nWeiches, erstickendes Fallen<br \/>\ndr\u00e4ngt immerzu nach<br \/>\naus der Schw\u00e4rze,<br \/>\nanfliegende Dichte,<br \/>\nnur zu ersp\u00fcren mit der<br \/>\nnun fast sehenden Haut.<br \/>\nFeuchtes streift mein Gesicht,<br \/>\nwie Blattwerk k\u00fchl,<br \/>\ndoch zerflie\u00dfend,<br \/>\neines Rieselns Geflecht,<br \/>\nvom Wind zusammengedreht<br \/>\nund entwirrt.<br \/>\nIch gehe, verfangen und frei,<br \/>\nbenetzt, beinah tauchend,<br \/>\nzugleich auch wie dringend<br \/>\ndurch Wald.<\/p>\n<p>ver\u00f6ffentlicht in:<br \/>\nMarkus Waldura: \u00dcberrascht von pl\u00f6tzlichem Himmel; <a title=\"Rectoverso-Verlag\" href=\"http:\/\/www.rectoverso-buch.de\/index.php\" target=\"_blank\">Rectoverso-Verlag<\/a> 2013; ISBN 978-3-944527-04-8<\/p>\n<h5>Auf eine Zeichnung der Metzer Kathedrale<br \/>\nAlfons Fontaine in memoriam<\/h5>\n<p>I<br \/>\nLanzen, aufgepflanzt um einen Rumpf:<a href=\"https:\/\/mo-fontaine.de\/wp-content\/uploads\/2015\/04\/AlfonsFontaine_KathedraleMetz.jpg\"><img loading=\"lazy\" decoding=\"async\" class=\"alignright size-full wp-image-363\" src=\"https:\/\/mo-fontaine.de\/wp-content\/uploads\/2015\/04\/AlfonsFontaine_KathedraleMetz.jpg\" alt=\"AlfonsFontaine_KathedraleMetz\" width=\"627\" height=\"700\" srcset=\"https:\/\/mo-fontaine.de\/wp-content\/uploads\/2015\/04\/AlfonsFontaine_KathedraleMetz.jpg 627w, https:\/\/mo-fontaine.de\/wp-content\/uploads\/2015\/04\/AlfonsFontaine_KathedraleMetz-269x300.jpg 269w\" sizes=\"auto, (max-width: 627px) 100vw, 627px\" \/><\/a><br \/>\nso ehrt man einen toten Helden.<br \/>\nAn Seitenfront und Westfassade<br \/>\nsind Pfortenohren lauschend<br \/>\naufgestellt nach Leuten;<br \/>\nGl\u00e4ubige sprechen durch sie ein ins D\u00e4mmer,<br \/>\ndenn darin ist der Eine,<br \/>\nder sie h\u00f6rt. Er schl\u00e4gt<br \/>\ndas Kreuz aus L\u00e4ngs- und Querschiff<br \/>\n\u00fcber sie, Absolution, aus Stein<br \/>\nrings um sie aufgerichtet &#8211;<br \/>\nwo sonst kann man so stark<br \/>\nbesch\u00fctzt im Gnadeninnern stehen?<\/p>\n<p>II<br \/>\nWenn du das Wei\u00df des Blattes<br \/>\nnicht f\u00fcr Stein h\u00e4ltst,<br \/>\nsiehst du:<br \/>\nSehnen, B\u00e4nder,<br \/>\nReste von Schatten,<br \/>\nam Knochen angetrocknet,<br \/>\nMauern, abgelaugt zum Skelett.<br \/>\nDer R\u00f6ntgenstift hat den<br \/>\nBauk\u00f6rper zur 3D-Grafik<br \/>\nzur\u00fcckgezeichnet, so w\u00fcrde heute<br \/>\nein virtueller Entwurf aussehen:<br \/>\nein Liniennetz<br \/>\naus S\u00e4ulen, Zinnen und Simsen,<br \/>\nSteinrosen sind schon reichlich ausgebildet<br \/>\nan Spitzen und Kanten,<br \/>\nabstrakte Struktur,<br \/>\nbefallen von wucherndem Leben,<br \/>\nKreat\u00fcrliches als Ausschlag,<br \/>\nder \u00dcberzug sch\u00fctzt<br \/>\nvor Zeitlosigkeit.<\/p>\n<p>(unver\u00f6ffentlicht)<\/p>\n","protected":false},"excerpt":{"rendered":"<p>Markus Waldura Markus Waldura wurde 1957 in Quierschied\/Saar geboren. Schon als Kind und w\u00e4hrend der Schulzeit in Sulzbach literarisch produktiv, begann er w\u00e4hrend seines Studiums der Germanistik und Musikwissenschaft an der Universit\u00e4t des Saarlandes mit der Zeitschriftenpublikation von Gedichten. 1996&#8230;<br \/><a class=\"read-more-button\" href=\"https:\/\/mo-fontaine.de\/?page_id=353\">Read more<\/a><\/p>\n","protected":false},"author":2,"featured_media":0,"parent":0,"menu_order":0,"comment_status":"open","ping_status":"open","template":"","meta":{"footnotes":""},"class_list":["post-353","page","type-page","status-publish","hentry"],"_links":{"self":[{"href":"https:\/\/mo-fontaine.de\/index.php?rest_route=\/wp\/v2\/pages\/353","targetHints":{"allow":["GET"]}}],"collection":[{"href":"https:\/\/mo-fontaine.de\/index.php?rest_route=\/wp\/v2\/pages"}],"about":[{"href":"https:\/\/mo-fontaine.de\/index.php?rest_route=\/wp\/v2\/types\/page"}],"author":[{"embeddable":true,"href":"https:\/\/mo-fontaine.de\/index.php?rest_route=\/wp\/v2\/users\/2"}],"replies":[{"embeddable":true,"href":"https:\/\/mo-fontaine.de\/index.php?rest_route=%2Fwp%2Fv2%2Fcomments&post=353"}],"version-history":[{"count":9,"href":"https:\/\/mo-fontaine.de\/index.php?rest_route=\/wp\/v2\/pages\/353\/revisions"}],"predecessor-version":[{"id":504,"href":"https:\/\/mo-fontaine.de\/index.php?rest_route=\/wp\/v2\/pages\/353\/revisions\/504"}],"wp:attachment":[{"href":"https:\/\/mo-fontaine.de\/index.php?rest_route=%2Fwp%2Fv2%2Fmedia&parent=353"}],"curies":[{"name":"wp","href":"https:\/\/api.w.org\/{rel}","templated":true}]}}